*a = 3*k + a - 12, 0 = 2*k - 3*a - 8. Suppose 414 - 10 = k*h. List the prime factors of h.
101
Let q be 3*((-672)/(-9) - 1). Let o = -150 + q. What are the prime factors of o?
71
Let t be (-6)/(-6) + 244 + (-2)/1. Let n = t - -7. List the prime factors of n.
2, 5
Suppose -a + 2*a + t - 31 = 0, 5*a - 155 = -3*t. Let r = 48 - a. Suppose 5*o - 3*g - 9 = r, g = 4*o - 25. List the prime factors of o.
7
Suppose 2*p = p + 12. Let c(v) = -3 - 4 - 5*v - 7 + p. What are the prime factors of c(-5)?
23
Suppose -231*l = -250*l + 11419. List the prime factors of l.
601
Suppose 4*t - 3*t = -3*n - 2, 4*n + 5*t = 1. Let a be (-5)/(-5)*(-1 - n). Suppose -4*w + 3*w + 37 = a. What are the prime factors of w?
37
Let s(v) = 8*v**2 - 30*v + 25. What are the prime factors of s(15)?
5, 11
Let o = -2 + 6. Suppose -3*m - m = o. What are the prime factors of m*1 - (-39 + 7)?
31
Let u(d) = -4*d**3 - 4*d**2 + d - 3. Let l be u(-4). Let m = l + -105. What are the prime factors of m?
2, 5
Suppose 8*n - 20 - 36 = 0. Suppose 0 = -2*w + z + 8, -5*w + 26 + n = 4*z. Suppose 1 = w*j - 49. What are the prime factors of j?
2, 5
Let b(d) = -d**3 - 9*d**2 - 4*d - 9. Let r be -3 - 4/(-12)*-6. Let i be (-414)/45 + (-1)/r. List the prime factors of b(i).
3
Suppose 2*i = 8 - 12. What are the prime factors of -3 - i - (-35 + 3)?
31
Let b(g) = -g**2 - g + 10. Let q = 20 + -10. Suppose 5*j - q = -0*j + 2*x, -2*x = 4*j + 10. What are the prime factors of b(j)?
2, 5
List the prime factors of (-8)/8*0 - -63.
3, 7
Let n = -123 - -216. Suppose 0 = 3*v + 2*v + 4*f - n, -f = 2*v - 36. What are the prime factors of v?
17
Let p(z) = 49*z + 4911. What are the prime factors of p(0)?
3, 1637
Suppose 0 = -q + 3*x + 14, -4 = 3*q + 2*x - 2. Let g be q/((-6)/(-45)*5). Suppose 2*t = -g*i + 101, i = -t + 5*t - 181. What are the prime factors of t?
2, 23
Suppose 3*c - 5*s - 7096 = 580, -c = 3*s - 2582. List the prime factors of c.
17, 151
Suppose 24*o - 50008 = -4*o. List the prime factors of o.
2, 19, 47
Let c = 9 - 10. Let i = c + 11. Let h(l) = -l**2 + 17*l - 24. What are the prime factors of h(i)?
2, 23
Let x(k) = -k**3 + k**2 - 4*k + 3. Let b be x(2). Let l = b - -94. What are the prime factors of (-16)/(-20)*l/2?
2, 17
Let p(j) = 80*j - 3. Let x be p(2). Suppose -x = -3*s + 53. List the prime factors of s.
2, 5, 7
What are the prime factors of (-12)/(-20)*2438 + 24/(-30)?
2, 17, 43
Suppose -4*t + 2*t = 4. What are the prime factors of (-12)/(-24) + (-101)/t?
3, 17
Suppose -3*f - 581 = -8*f - 3*c, 4 = 2*c. Suppose 74 = 7*d - f. List the prime factors of d.
3
Suppose h + 0*w = 3*w + 1, -3*w - 33 = 3*h. Let k(t) = t + 13. What are the prime factors of k(h)?
5
Let y = -16 + 6. Let h(m) = m**2 + 9*m + 2. List the prime factors of h(y).
2, 3
Let z = 110 - 108. Suppose 235 = k - o, 0 = -3*k - z*o - o + 681. What are the prime factors of k?
3, 7, 11
Let d = -120 + 196. Suppose 0*w = -w + d. What are the prime factors of w?
2, 19
What are the prime factors of 6/(-6 + 84) + (-10684)/(-26)?
3, 137
List the prime factors of (-3 - -2 - 528)/(2 + -3).
23
Suppose -3*r - 2*f + 64 = 0, 2*r + f - 68 = 6*f. Let l = -16 + r. Let v = 10 - l. List the prime factors of v.
2
Suppose -2*x = 18*q - 17*q - 2805, 4*q = 4*x - 5592. What are the prime factors of x?
3, 467
Suppose -v = -2, -3*c = -4*v + 10 - 26. Let i be 1*70*(-11)/((-220)/8). Let s = i - c. What are the prime factors of s?
2, 5
Suppose 3*k = -5*v + 4546, -36*k + 41*k + 4*v - 7594 = 0. What are the prime factors of k?
2, 761
Let i be (-240)/(-2) + (-5)/(30/(-12)). Suppose -3*u + 175 + i = 0. List the prime factors of u.
3, 11
Let k(h) = h**2 + 9*h + 13. Suppose -5*b + 3*u = 90, -b + 3*u + 30 = -4*b. Let y = -24 - b. List the prime factors of k(y).
13
Let w(m) = -m - 2 - 6*m**2 + 0 + 2*m**3 + 9*m. What are the prime factors of w(3)?
2, 11
Let m be (3/((-3)/(-7)))/1. Let u(o) = o**3 - 2*o**2 + o - 1. Let h(w) = -2*w**3 + 3*w**2 - w + 1. Let l(q) = -6*h(q) - 13*u(q). List the prime factors of l(m).
7
Let x = -110 - -110. Suppose x = 5*m - 991 + 61. What are the prime factors of m?
2, 3, 31
Suppose -429 = -2*l - b, 2*l - 156 = -5*b + 293. List the prime factors of l.
2, 53
Let t(m) = 7*m**2 - 15*m + 25. Let g(o) = -11*o**2 + 22*o - 38. Let f(p) = -5*g(p) - 8*t(p). Let i be ((-4)/6)/(2/(-21)). What are the prime factors of f(i)?
11
Let u = 4306 + -1950. What are the prime factors of u?
2, 19, 31
Let x(f) = -f**2 - 4*f + 16. Let s be x(-6). Let p = 9 + s. List the prime factors of p.
13
Suppose -9 = 2*k - 19. Suppose 5*l - 730 = k*w, 6*l + 599 = 10*l + w. What are the prime factors of l?
149
List the prime factors of (13/(-1 - -14))/((-1)/(-678)).
2, 3, 113
Let s = 11 + -9. Suppose 0 = 3*c - s*z + 25, c - 2*c - z = 0. What are the prime factors of (c/(-5))/(2/42)?
3, 7
Let h = -8 - -13. Suppose -4*a - 4*w + 4 = 0, h*a - 4 = w + 1. List the prime factors of a/(44/20 + -2).
5
Let w(b) = -1 + 5 - 8*b + 4 - 10 - 2*b. Let j be (8 - 0)*3/(-4). List the prime factors of w(j).
2, 29
Let h = 5497 + 213. What are the prime factors of h?
2, 5, 571
Let d = 3335 - -409. List the prime factors of d.
2, 3, 13
Let n be 7033/39 - (-1)/(-3). Suppose d + 83 = n. What are the prime factors of d?
97
Let h be (-6)/(-15) + 162/(-30). What are the prime factors of (3 - h/(-2)) + (-95)/(-2)?
2, 3
Let w(a) = a - 2. Let x be w(5). Let n be 3*28*1/x. Suppose k + k - 3*i - n = 0, -64 = -4*k + 4*i. List the prime factors of k.
2, 5
Let h(g) = g - 12. Let k be h(15). Suppose -5 = -2*m + k. Suppose -m*o + 20 = 4*j, -o = -0*o + 5*j + 15. What are the prime factors of o?
2, 5
Let c(q) = q**2 - 7*q - 324. List the prime factors of c(-48).
2, 3, 193
What are the prime factors of (1 + -4)/(39/(-7254))?
2, 3, 31
Suppose 0 = -4*n + 3*n - 40. Suppose g = 4*b + 27, 5*b = 4*g + 8*b - 32. Let f = g - n. List the prime factors of f.
3, 17
Let k = 234 - -343. What are the prime factors of k?
577
List the prime factors of 4059/(-6)*(-4)/3.
2, 11, 41
What are the prime factors of -10 + 9 + (1382 - (0 - 1))?
2, 691
Suppose -6*x + 55 + 107 = 0. Let k = 35 - x. What are the prime factors of k?
2
Let y be 6 - (-1)/2*(-2 - -6). Suppose y*j - 943 - 1729 = 0. What are the prime factors of j?
2, 167
Let i(p) = -126*p**3 - 3*p**2 - p. Let r be ((-2)/(-3))/(14/(-21)). What are the prime factors of i(r)?
2, 31
What are the prime factors of ((-429)/9)/(2/(-12))?
2, 11, 13
Let t(m) = -116*m - 234. List the prime factors of t(-18).
2, 3, 103
Let m(x) = 3*x + 14 + 5*x - 2*x - 4*x. List the prime factors of m(5).
2, 3
Let l(r) = r**2 + 11*r - 26. Let q be l(-13). Suppose 5*z + 3*u = -q*z + 8, -12 = -2*z + u. Suppose -12 = -z*i + 164. List the prime factors of i.
2, 11
Let v = 1836 + -734. What are the prime factors of v?
2, 19, 29
Let k be (-2 - (-20)/8)*10. Suppose 0 = 8*s - 3*s - k. Suppose -c - 5*v + 3 = s, -6 = -c - 4*v. What are the prime factors of c?
2, 11
Let p = 217 + -380. Let x = p - -264. List the prime factors of x.
101
Suppose -6*x = -2*x - 5*k - 5073, -2536 = -2*x + 2*k. What are the prime factors of x?
7, 181
Let d be 4 + -2 + -19 + -1. Suppose -6 = -4*f - n - 31, -4*f + 4*n = 40. Let r = f - d. List the prime factors of r.
11
Let u = 45 - 40. Suppose 0 = -2*i - 5*d + 495, 0 = 4*i - 3*d + u*d - 950. What are the prime factors of i?
5, 47
Suppose -4*r + 9*r = 4635. What are the prime factors of r?
3, 103
Let t(i) = 2*i**2 - 13*i + 42. List the prime factors of t(7).
7
Let k(v) = -922*v + 26. What are the prime factors of k(-3)?
2, 349
Suppose 3*j - 2878 = -5*v, 53*j = 54*j + 4*v - 971. List the prime factors of j.
3, 317
Suppose 5357 + 1719 = 58*f. List the prime factors of f.
2, 61
Let d = 86 - 301. Let f = 322 + d. What are the prime factors of f?
107
Suppose 5*v - 166 = -561. Let b = v - -163. What are the prime factors of b?
2, 3, 7
Let q(p) = 19*p**2 - 15*p - 13. What are the prime factors of q(6)?
7, 83
Let w = 1832 - 477. List the prime factors of w.
5, 271
Let t be ((-5)/2)/((-18)/36). Suppose -t*f + 5*u = 39 - 14, 5*f + 16 = -4*u. Let k = 41 - f. List the prime factors of k.
3, 5
Let u = -18 - -27. Suppose u*z - 5*z = 12. What are the prime factors of z?
3
Let h(t) = t**2 - 2*t - 2. Let s be h(-8). Let z = 15 - s. What are the prime factors of z/(-4) + (-48)/64?
3, 5
Suppose 3*x - 1 - 2 = 0. List the prime 